{"id":14,"date":"2015-06-19T16:54:44","date_gmt":"2015-06-19T15:54:44","guid":{"rendered":"http:\/\/www.take-off.ch\/?page_id=14"},"modified":"2016-12-12T19:37:18","modified_gmt":"2016-12-12T18:37:18","slug":"rumpf","status":"publish","type":"page","link":"https:\/\/www.take-off.ch\/?page_id=14","title":{"rendered":"Rumpf"},"content":{"rendered":"<p>Anfragen bei Bell, Internetsuche, B\u00fccher etc. f\u00fchrten leider zu keinen, bzw. sehr ungenauen Unterlagen \u00fcber den Bell 206 B3 &#8211; Jet Ranger. Mit all den vielen\u00a03-Seitenansichten, die ich im Internet fand fuhr ich zum Original, um\u00a0nachzumessen. Schnell stellte ich fest, dass all das Material \u00fcberhaupt nicht mit dem Original \u00fcbereinstimmt.<\/p>\n<p>Also mussten die Masse selber von Grund auf erfasst werden.<\/p>\n<p><a href=\"http:\/\/www.take-off.ch\/?page_id=31\">Mass nehmen am Original<\/a><\/p>\n<p><a href=\"http:\/\/www.take-off.ch\/?page_id=34\">Positiv erstellen<\/a><\/p>\n<p><a href=\"http:\/\/www.take-off.ch\/?page_id=106\">Negative<\/a><\/p>\n<p><a href=\"http:\/\/www.take-off.ch\/?page_id=134\">Rumpfherstellung<\/a><\/p>\n","protected":false},"excerpt":{"rendered":"<p>Anfragen bei Bell, Internetsuche, B\u00fccher etc. f\u00fchrten leider zu keinen, bzw. sehr ungenauen Unterlagen \u00fcber den Bell 206 B3 &#8211; Jet Ranger. Mit all den vielen\u00a03-Seitenansichten, die ich im Internet fand fuhr ich zum Original, um\u00a0nachzumessen. Schnell stellte ich fest, &hellip; <a href=\"https:\/\/www.take-off.ch\/?page_id=14\">Weiterlesen <span class=\"meta-nav\">&rarr;<\/span><\/a><\/p>\n","protected":false},"author":1,"featured_media":0,"parent":0,"menu_order":0,"comment_status":"closed","ping_status":"closed","template":"onecolumn-page.php","meta":{"footnotes":""},"class_list":["post-14","page","type-page","status-publish","hentry"],"_links":{"self":[{"href":"https:\/\/www.take-off.ch\/index.php?rest_route=\/wp\/v2\/pages\/14","targetHints":{"allow":["GET"]}}],"collection":[{"href":"https:\/\/www.take-off.ch\/index.php?rest_route=\/wp\/v2\/pages"}],"about":[{"href":"https:\/\/www.take-off.ch\/index.php?rest_route=\/wp\/v2\/types\/page"}],"author":[{"embeddable":true,"href":"https:\/\/www.take-off.ch\/index.php?rest_route=\/wp\/v2\/users\/1"}],"replies":[{"embeddable":true,"href":"https:\/\/www.take-off.ch\/index.php?rest_route=%2Fwp%2Fv2%2Fcomments&post=14"}],"version-history":[{"count":4,"href":"https:\/\/www.take-off.ch\/index.php?rest_route=\/wp\/v2\/pages\/14\/revisions"}],"predecessor-version":[{"id":415,"href":"https:\/\/www.take-off.ch\/index.php?rest_route=\/wp\/v2\/pages\/14\/revisions\/415"}],"wp:attachment":[{"href":"https:\/\/www.take-off.ch\/index.php?rest_route=%2Fwp%2Fv2%2Fmedia&parent=14"}],"curies":[{"name":"wp","href":"https:\/\/api.w.org\/{rel}","templated":true}]}}